
False
Is 17655384 a multiple of 1043?
False
Does 1700 divide 128027000?
True
Is 1334595295 a multiple of 1529?
True
Is 14 a factor of 2664437?
False
Is 1042642074 a multiple of 6?
True
Is 23901417 a multiple of 82?
False
Is 765 a factor of 414808245?
True
Is 9829050 a multiple of 1110?
True
Is 709 a factor of 98907627?
True
Is 88 a factor of 51765566?
False
Does 15 divide 46182576?
False
Is 390614106 a multiple of 111?
True
Is 686 a factor of 109455254?
False
Is 1176 a factor of 33334896?
True
Is 97 a factor of 376398261?
False
Is 396 a factor of 48025803?
False
Is 36032975 a multiple of 55?
True
Is 1172 a factor of 2096126442?
False
Is 1190 a factor of 33305702?
False
Is 58531752 a multiple of 6?
True
Does 16 divide 38609188?
False
Is 8 a factor of 443845039?
False
Does 24 divide 55272696?
True
Is 43 a factor of 854305682?
True
Is 7399 a factor of 728634422?
False
Is 78909394 a multiple of 167?
False
Does 166 divide 105325838?
True
Is 3652926 a multiple of 102?
True
Does 25 divide 310500200?
True
Is 246246624 a multiple of 624?
True
Does 624 divide 83641850?
False
Does 1590 divide 1349774850?
True
Is 2 a factor of 12339754?
True
Does 10288 divide 318885597?
False
Is 11534 a factor of 3931465015?
False
Does 26 divide 312039571?
False
Is 326 a factor of 21800409?
False
Does 7 divide 3960644?
False
Does 1858 divide 147439361?
False
Does 16 divide 20640160?
True
Is 9 a factor of 148948909?
False
Is 28 a factor of 913796940?
True
Is 2526871610 a multiple of 1787?
True
Is 61142981 a multiple of 70?
False
Is 13460850 a multiple of 90?
True
Is 100768673 a multiple of 3077?
True
Does 56 divide 1171390192?
True
Is 171 a factor of 228447893?
False
Is 510170473 a multiple of 1675?
False
Is 22798993 a multiple of 41?
True
Is 54 a factor of 38205594?
True
Is 553 a factor of 283107797?
True
Is 298 a factor of 33926108?
True
Is 8551397 a multiple of 17?
False
Is 89 a factor of 396727023?
True
Is 4389519 a multiple of 51?
True
Is 54 a factor of 13864874?
False
Is 23 a factor of 137922582?
True
Is 159788967 a multiple of 13?
True
Does 729 divide 47975490?
True
Is 140 a factor of 65569118?
False
Is 398 a factor of 6884206?
True
Is 33384596 a multiple of 133?
True
Does 93 divide 283580343?
True
Is 241033312 a multiple of 56?
False
Is 17 a factor of 26396240?
True
Is 24706991 a multiple of 3?
False
Is 18 a factor of 97517952?
True
Is 105 a factor of 280854210?
True
Does 12 divide 2117092768?
False
Does 38 divide 43621322?
False
Does 341 divide 166552243?
True
Does 4002 divide 110439415?
False
Is 99 a factor of 926613294?
False
Is 113221008 a multiple of 1143?
True
Is 2122 a factor of 565907609?
False
Is 17751335 a multiple of 29?
True
Is 9 a factor of 30141967?
False
Is 35 a factor of 1398676181?
False
Does 72 divide 142533360?
True
Does 7 divide 18622670?
False
Does 1197 divide 97127197?
False
Is 646 a factor of 1177745856?
True
Is 8 a factor of 77373189?
False
Is 6031 a factor of 368680749?
False
Does 2349 divide 621035667?
True
Does 74 divide 53290804?
True
Is 1502420 a multiple of 103?
False
Is 3 a factor of 4615187?
False
Is 15 a factor of 6432105?
True
Is 5680492 even?
True
Is 529911460 a multiple of 1027?
True
Is 4 a factor of 169755968?
True
Does 1361 divide 93304716?
True
Is 2292 a factor of 363463330?
False
Is 31 a factor of 860797677?
True
Is 8 a factor of 342398608?
True
Does 454 divide 18627166?
True
Is 32967856 a multiple of 142?
True
Does 586 divide 361811050?
True
Is 1276 a factor of 145100340?
True
Is 156 a factor of 32065020?
True
Does 2201 divide 436361456?
True
Is 3768 a factor of 6775627700?
False
Is 8 a factor of 403715070?
False
Is 181 a factor of 117914030?
False
Is 5147421 a multiple of 48?
False
Does 1756 divide 186975368?
True
Is 403 a factor of 66115443?
False
Is 169591247 a multiple of 89?
False
Does 3261 divide 367739709?
True
Does 4 divide 15617079?
False
Is 127851700 a multiple of 145?
False
Does 19 divide 19771400?
True
Does 20 divide 1466032688?
False
Is 1269 a factor of 1444963347?
True
Is 664 a factor of 935247984?
True
Does 17 divide 337610548?
True
Is 19 a factor of 1158365482?
False
Does 973 divide 143286899?
True
Is 197496 a multiple of 12?
True
Is 9 a factor of 100732001?
False
Does 6220 divide 5676894480?
True
Is 1872 a factor of 5342688?
True
Does 1215 divide 59592858?
False
Does 718 divide 544961637?
False
Does 143 divide 11501347?
True
Is 46 a factor of 214755876?
True
Is 49 a factor of 933489898?
False
Does 681 divide 53099613?
True
Is 12162363 a multiple of 107?
False
Is 11 a factor of 389176282?
True
Does 526 divide 37878826?
False
Is 49686318 a multiple of 6?
True
Is 1698936 a multiple of 41?
False
Is 41 a factor of 56637728?
True
Does 15 divide 14390205?
True
Does 126 divide 2627917849?
False
Does 476 divide 96958925?
False
Is 894739320 a multiple of 20?
True
Is 74 a factor of 3602849?
False
Is 28534770 a multiple of 1558?
True
Is 3574140568 a multiple of 1081?
True
Does 294 divide 78007844?
False
Does 48 divide 91930944?
True
Does 187 divide 2272469069?
False
Does 13 divide 2468427?
True
Is 36 a factor of 3061705146?
False
Is 32 a factor of 192722400?
True
Does 841 divide 59408724?
False
Does 95 divide 712175176?
False
Does 3996 divide 1918743336?
True
Does 688 divide 8989408?
True
Is 10203150 a multiple of 150?
True
Is 109982331 a multiple of 2992?
False
Is 1364419 a multiple of 23?
False
Does 169 divide 250140074?
False
Does 12 divide 118717392?
True
Is 2329527580 a multiple of 860?
True
Is 226 a factor of 57375750?
True
Is 42 a factor of 115740786?
True
Is 684 a factor of 625093920?
True
Is 28277403 a multiple of 33?
True
Is 82713280 a multiple of 320?
True
Is 155 a factor of 22407449?
False
Is 13066200 a multiple of 2562?
True
Does 37 divide 56913881?
True
Is 48412488 a multiple of 1562?
False
Does 210 divide 10694040?
True
Does 39 divide 1237704?
True
Is 2862495000 a multiple of 75?
True
Is 42268887 a multiple of 30?
False
Does 3 divide 759984046?
False
Is 194 a factor of 42333010?
False
Does 144 divide 1915243?
False
Is 1572026676 a multiple of 438?
True
Is 442578233 a multiple of 61?
False
Is 20 a factor of 65354450?
False
Does 13 divide 2104915807?
False
Does 198 divide 1746696575?
False
Is 1734140730 a multiple of 210?
True
Is 54 a factor of 37787843?
False
Does 19 divide 136931119?
True
Is 34972368 a multiple of 354?
True
Is 1826720152 a multiple of 61?
True
Is 447515822 a multiple of 15?
False
Does 7 divide 317401497?
True
Is 1116896466 a multiple of 5?
False
Is 95 a factor of 83013090?
True
Is 407 a factor of 15782646?
True
Is 12 a factor of 673549572?
True
Is 121879231 a multiple of 242?
False
Is 1062872959 a multiple of 10?
False
Is 98 a factor of 1125824?
True
Is 109 a factor of 1652715007?
True
Does 828 divide 72389870?
False
Does 29 divide 610261500?
True
Is 120273824 a multiple of 1182?
False
Is 26 a factor of 955550287?
False
Is 64443339 a multiple of 502?
False
Is 9244900 a multiple of 47?
True
Is 992 a factor of 732093?
False
Is 1581 a factor of 545578?
False
Is 24 a factor of 732360?
True
Is 95 a factor of 6714047?
False
Does 4 divide 1186764?
True
Does 19 divide 23205816?
False
Is 141 a factor of 4453908?
True
Is 6738899 a multiple of 241?
False
Is 17 a factor of 2888580?
False
Is 1166751333 a multiple of 2211?
True
Is 306464256 a multiple of 12?
True
Is 26 a factor of 2322486119?
False
Does 1815 divide 85573929?
False
Is 58 a factor of 56353215?
False
Is 11823813 a multiple of 5?
False
Does 16 divide 56289584?
True
Is 93 a factor of 966893890?
False
Is 30742484 a multiple of 31?
False
Does 348 divide 104595924?
True
Does 137 divide 476770345?
False
Is 578415150 a multiple of 1047?
True
Is 163796108 a multiple of 43?
False
Is 622675688 a multiple of 184?
True
Is 33 a factor of 692648146?
False
Is 2343224 a multiple of 2?
True
Is 9 a factor of 3774839?
False
Is 964 a factor of 99301640?
True
Does 4408 divide 814792352?
True
Is 1868620512 a multiple of 57?
True
Is 32542790 a multiple of 10?
True
Does 3548 divide 141299006?
False
Is 6561967 even?
False
Does 2745 divide 377723568?
False
Is 163 a factor of 455422978?
True
Is 78 a factor of 8523557?
False
Is 176 a factor of 1465538800?
True
Is 72 a factor of 931694904?
True
Does 290 divide 280807327?
False
Is 3820 a factor of 97553381?
Fals